{"id":255,"date":"2021-09-14T13:07:16","date_gmt":"2021-09-14T11:07:16","guid":{"rendered":"https:\/\/urbanadventure.es\/valencia\/?page_id=255"},"modified":"2023-03-03T13:21:24","modified_gmt":"2023-03-03T11:21:24","slug":"archery-tiro-arco","status":"publish","type":"page","link":"https:\/\/urbanadventure.es\/valencia\/actividades\/archery-tiro-arco\/","title":{"rendered":"Archery"},"content":{"rendered":"<p>[et_pb_section fb_built=\u00bb1&#8243; _builder_version=\u00bb4.11.3&#8243; _module_preset=\u00bbdefault\u00bb background_image=\u00bbhttps:\/\/urbanadventure.es\/valencia\/wp-content\/uploads\/sites\/2\/2021\/09\/archery-cabeceras.jpg\u00bb min_height=\u00bb371px\u00bb min_height_tablet=\u00bb\u00bb min_height_phone=\u00bb\u00bb min_height_last_edited=\u00bbon|phone\u00bb global_colors_info=\u00bb{}\u00bb][et_pb_row _builder_version=\u00bb4.7.4&#8243; _module_preset=\u00bbdefault\u00bb custom_padding=\u00bb53px||53px||true|\u00bb global_colors_info=\u00bb{}\u00bb][et_pb_column type=\u00bb4_4&#8243; _builder_version=\u00bb4.7.4&#8243; _module_preset=\u00bbdefault\u00bb global_colors_info=\u00bb{}\u00bb][et_pb_text _builder_version=\u00bb4.7.4&#8243; _module_preset=\u00bbdefault\u00bb header_font_size=\u00bb64px\u00bb header_2_font_size=\u00bb64px\u00bb header_text_shadow_style=\u00bbpreset2&#8243; header_2_text_shadow_style=\u00bbpreset5&#8243; global_colors_info=\u00bb{}\u00bb]<\/p>\n<h1 style=\"text-align: center;\"><span style=\"color: #ffffff;\">ARCHERY<\/span><\/h1>\n<div id=\"gtx-trans\" style=\"position: absolute; left: 254px; top: 4.90625px;\">\n<div class=\"gtx-trans-icon\"><\/div>\n<\/div>\n<p>[\/et_pb_text][\/et_pb_column][\/et_pb_row][\/et_pb_section][et_pb_section fb_built=\u00bb1&#8243; _builder_version=\u00bb4.7.4&#8243; _module_preset=\u00bbdefault\u00bb custom_padding=\u00bb51px||6px|||\u00bb global_colors_info=\u00bb{}\u00bb][et_pb_row _builder_version=\u00bb4.7.4&#8243; _module_preset=\u00bbdefault\u00bb global_colors_info=\u00bb{}\u00bb][et_pb_column type=\u00bb4_4&#8243; _builder_version=\u00bb4.7.4&#8243; _module_preset=\u00bbdefault\u00bb global_colors_info=\u00bb{}\u00bb][et_pb_text _builder_version=\u00bb4.7.4&#8243; _module_preset=\u00bbdefault\u00bb global_colors_info=\u00bb{}\u00bb]<\/p>\n<h3>ARCHERY &#8211; TIRO CON ARCO<span style=\"font-size: 16px;\">\u00a0<\/span><\/h3>\n<p>&nbsp;<\/p>\n<p>En Urban Adventure siempre estamos buscando las \u00faltimas novedades del mercado para tra\u00e9rteles y que las puedas disfrutar.<\/p>\n<p>En esta ocasi\u00f3n te proponemos disfruta de una experiencia \u00fanica en Espa\u00f1a y juegar con tus amigos una partida de Urban Archery en la que tendr\u00e1s que demostrar tu punter\u00eda con el arco. Ganar\u00e1 qui\u00e9n consiga impactar antes en todos los objetivos del equipo rival. Nuestro equipo de monitores te facilitar\u00e1 el material necesario para la actividad y proporcionar\u00e1 consejos y trucos para el \u00e9xito en el \u201ccombate\u201d.<\/p>\n<p>Urban Archery es un juego que podr\u00e1 disfrutar cualquier jugador mayor de 10 a\u00f1os y en el que no hace falta una condici\u00f3n f\u00edsica excelente, ya que en la partida habr\u00e1 que tomar diferentes roles y cada uno jugara conforme se adapte mejor.<\/p>\n<p>Se trata de una actividad con la aceptaci\u00f3n que est\u00e1 teniendo entre empresas, familias y grupos de j\u00f3venes ya que es 100% indoloro, super entretenido y divertido.<\/p>\n<p>[\/et_pb_text][\/et_pb_column][\/et_pb_row][et_pb_row _builder_version=\u00bb4.7.4&#8243; _module_preset=\u00bbdefault\u00bb global_colors_info=\u00bb{}\u00bb][et_pb_column type=\u00bb4_4&#8243; _builder_version=\u00bb4.7.4&#8243; _module_preset=\u00bbdefault\u00bb global_colors_info=\u00bb{}\u00bb][et_pb_image src=\u00bbhttps:\/\/urbanadventure.es\/valencia\/wp-content\/uploads\/sites\/2\/2021\/09\/ARCHERY_TARIFA3.jpeg\u00bb title_text=\u00bbARCHERY_TARIFA3&#8243; align=\u00bbcenter\u00bb force_fullwidth=\u00bbon\u00bb _builder_version=\u00bb4.7.4&#8243; _module_preset=\u00bbdefault\u00bb global_colors_info=\u00bb{}\u00bb][\/et_pb_image][\/et_pb_column][\/et_pb_row][\/et_pb_section][et_pb_section fb_built=\u00bb1&#8243; _builder_version=\u00bb4.7.4&#8243; _module_preset=\u00bbdefault\u00bb custom_padding=\u00bb1px||21px|||\u00bb global_colors_info=\u00bb{}\u00bb][et_pb_row _builder_version=\u00bb4.7.4&#8243; _module_preset=\u00bbdefault\u00bb custom_margin=\u00bb38px|auto||auto|false|false\u00bb custom_padding=\u00bb0px||||false|false\u00bb global_colors_info=\u00bb{}\u00bb][et_pb_column type=\u00bb4_4&#8243; _builder_version=\u00bb4.7.4&#8243; _module_preset=\u00bbdefault\u00bb global_colors_info=\u00bb{}\u00bb][et_pb_text _builder_version=\u00bb4.7.4&#8243; _module_preset=\u00bbdefault\u00bb text_font_size=\u00bb17px\u00bb global_colors_info=\u00bb{}\u00bb]<\/p>\n<p style=\"text-align: center;\"><strong>En caso de querer m\u00e1s, te recomendamos combinar tu partida de Archery con el paintball con nuestro Pack Archery + Paintball.<\/strong><\/p>\n<p>[\/et_pb_text][\/et_pb_column][\/et_pb_row][\/et_pb_section][et_pb_section fb_built=\u00bb1&#8243; _builder_version=\u00bb4.7.4&#8243; _module_preset=\u00bbdefault\u00bb background_color=\u00bb#000000&#8243; custom_padding=\u00bb9px||12px|||\u00bb global_colors_info=\u00bb{}\u00bb][et_pb_row column_structure=\u00bb1_2,1_2&#8243; _builder_version=\u00bb4.7.4&#8243; _module_preset=\u00bbdefault\u00bb custom_padding=\u00bb26px|||||\u00bb global_colors_info=\u00bb{}\u00bb][et_pb_column type=\u00bb1_2&#8243; _builder_version=\u00bb4.7.4&#8243; _module_preset=\u00bbdefault\u00bb global_colors_info=\u00bb{}\u00bb][et_pb_text _builder_version=\u00bb4.7.4&#8243; _module_preset=\u00bbdefault\u00bb header_text_align=\u00bbcenter\u00bb text_orientation=\u00bbcenter\u00bb custom_margin=\u00bb||25px|||\u00bb global_colors_info=\u00bb{}\u00bb]<\/p>\n<h2 style=\"text-align: left;\">CONDICIONES PARTICULARES<\/h2>\n<p>[\/et_pb_text][et_pb_blurb use_icon=\u00bbon\u00bb font_icon=\u00bb%%45%%\u00bb icon_placement=\u00bbleft\u00bb _builder_version=\u00bb4.11.0&#8243; _module_preset=\u00bbdefault\u00bb body_font_size=\u00bb12px\u00bb background_layout=\u00bbdark\u00bb custom_margin=\u00bb||30px|||\u00bb global_colors_info=\u00bb{}\u00bb]<\/p>\n<p>El precio por persona incluye el alquiler de todo el equipo para practicar Archery.<\/p>\n<p>[\/et_pb_blurb][et_pb_blurb use_icon=\u00bbon\u00bb font_icon=\u00bb%%45%%\u00bb icon_placement=\u00bbleft\u00bb _builder_version=\u00bb4.11.0&#8243; _module_preset=\u00bbdefault\u00bb body_font_size=\u00bb12px\u00bb background_layout=\u00bbdark\u00bb custom_margin=\u00bb-15px||33px|||\u00bb global_colors_info=\u00bb{}\u00bb]<\/p>\n<p>Incluimos seguro para el desarrollo de la actividad.<\/p>\n<p>[\/et_pb_blurb][et_pb_blurb use_icon=\u00bbon\u00bb font_icon=\u00bb%%45%%\u00bb icon_placement=\u00bbleft\u00bb _builder_version=\u00bb4.11.0&#8243; _module_preset=\u00bbdefault\u00bb body_font_size=\u00bb12px\u00bb background_layout=\u00bbdark\u00bb custom_margin=\u00bb-15px||31px|||\u00bb global_colors_info=\u00bb{}\u00bb]<\/p>\n<p>Grupo m\u00ednimo de 8 personas (inferior consultar).<\/p>\n<p>[\/et_pb_blurb][et_pb_blurb use_icon=\u00bbon\u00bb font_icon=\u00bb%%45%%\u00bb icon_placement=\u00bbleft\u00bb _builder_version=\u00bb4.11.0&#8243; _module_preset=\u00bbdefault\u00bb body_font_size=\u00bb12px\u00bb background_layout=\u00bbdark\u00bb custom_margin=\u00bb-15px||29px|||\u00bb global_colors_info=\u00bb{}\u00bb]<\/p>\n<p>Obligaci\u00f3n de realizar reserva previa para un d\u00eda concreto a trav\u00e9s del tel\u00e9fono 633 300 344 o en info@urbanadventure.es.<\/p>\n<p>[\/et_pb_blurb][et_pb_blurb use_icon=\u00bbon\u00bb font_icon=\u00bb%%45%%\u00bb icon_placement=\u00bbleft\u00bb _builder_version=\u00bb4.11.0&#8243; _module_preset=\u00bbdefault\u00bb body_font_size=\u00bb12px\u00bb background_layout=\u00bbdark\u00bb custom_margin=\u00bb-15px||29px|||\u00bb global_colors_info=\u00bb{}\u00bb]<\/p>\n<p>Los menores de 18 a\u00f1os deber\u00e1n traer cumplimentada y firmada la autorizaci\u00f3n por parte de un adulto.<\/p>\n<p>[\/et_pb_blurb][et_pb_blurb use_icon=\u00bbon\u00bb font_icon=\u00bb%%45%%\u00bb icon_placement=\u00bbleft\u00bb _builder_version=\u00bb4.11.0&#8243; _module_preset=\u00bbdefault\u00bb body_font_size=\u00bb12px\u00bb background_layout=\u00bbdark\u00bb custom_margin=\u00bb-15px||27px|||\u00bb global_colors_info=\u00bb{}\u00bb]<\/p>\n<p>Para garantizar la seguridad de todos los participantes, la pr\u00e1ctica de la actividad estar\u00e1 sujeta a ciertas restricciones de edad y requiere determinadas condiciones f\u00edsicas y ps\u00edquicas.<\/p>\n<p>[\/et_pb_blurb][et_pb_blurb use_icon=\u00bbon\u00bb font_icon=\u00bb%%45%%\u00bb icon_placement=\u00bbleft\u00bb _builder_version=\u00bb4.11.0&#8243; _module_preset=\u00bbdefault\u00bb body_font_size=\u00bb12px\u00bb background_layout=\u00bbdark\u00bb custom_margin=\u00bb-15px||29px|||\u00bb global_colors_info=\u00bb{}\u00bb]<\/p>\n<p>Tarifas sujetas a posibles modificaciones.<\/p>\n<p>[\/et_pb_blurb][et_pb_blurb use_icon=\u00bbon\u00bb font_icon=\u00bb%%45%%\u00bb icon_placement=\u00bbleft\u00bb _builder_version=\u00bb4.11.0&#8243; _module_preset=\u00bbdefault\u00bb body_font_size=\u00bb12px\u00bb background_layout=\u00bbdark\u00bb custom_margin=\u00bb-15px||29px|||\u00bb global_colors_info=\u00bb{}\u00bb]<\/p>\n<p>No acumulable a otro tipo de promociones o al packs.<\/p>\n<p>[\/et_pb_blurb][et_pb_blurb use_icon=\u00bbon\u00bb font_icon=\u00bb%%45%%\u00bb icon_placement=\u00bbleft\u00bb _builder_version=\u00bb4.11.0&#8243; _module_preset=\u00bbdefault\u00bb body_font_size=\u00bb12px\u00bb background_layout=\u00bbdark\u00bb custom_margin=\u00bb-15px|||||\u00bb global_colors_info=\u00bb{}\u00bb]<\/p>\n<p>Promoci\u00f3n valida \u00fanicamente en horario diurno.<\/p>\n<p>[\/et_pb_blurb][\/et_pb_column][et_pb_column type=\u00bb1_2&#8243; _builder_version=\u00bb4.7.4&#8243; _module_preset=\u00bbdefault\u00bb global_colors_info=\u00bb{}\u00bb][et_pb_video src=\u00bbhttps:\/\/www.youtube.com\/watch?v=Abjw03Gtgf8&#8243; _builder_version=\u00bb4.11.3&#8243; _module_preset=\u00bbdefault\u00bb custom_padding=\u00bb107px|||||\u00bb custom_padding_tablet=\u00bb\u00bb custom_padding_phone=\u00bb0px||||false|false\u00bb custom_padding_last_edited=\u00bbon|phone\u00bb global_colors_info=\u00bb{}\u00bb][\/et_pb_video][\/et_pb_column][\/et_pb_row][\/et_pb_section][et_pb_section fb_built=\u00bb1&#8243; module_id=\u00bbpack\u00bb _builder_version=\u00bb4.7.4&#8243; _module_preset=\u00bbdefault\u00bb background_image=\u00bbhttps:\/\/urbanadventure.es\/valencia\/wp-content\/uploads\/sites\/2\/2021\/08\/bg_1.jpg\u00bb background_position=\u00bbcenter_right\u00bb custom_padding=\u00bb33px|||||\u00bb global_colors_info=\u00bb{}\u00bb][et_pb_row column_structure=\u00bb1_2,1_2&#8243; _builder_version=\u00bb4.7.4&#8243; _module_preset=\u00bbdefault\u00bb custom_padding=\u00bb||25px|||\u00bb global_colors_info=\u00bb{}\u00bb][et_pb_column type=\u00bb1_2&#8243; _builder_version=\u00bb4.7.4&#8243; _module_preset=\u00bbdefault\u00bb global_colors_info=\u00bb{}\u00bb][et_pb_image src=\u00bbhttps:\/\/urbanadventure.es\/valencia\/wp-content\/uploads\/sites\/2\/2021\/09\/ARCHERYvsPAINTBALL.jpeg\u00bb title_text=\u00bbARCHERYvsPAINTBALL\u00bb _builder_version=\u00bb4.7.4&#8243; _module_preset=\u00bbdefault\u00bb global_colors_info=\u00bb{}\u00bb][\/et_pb_image][et_pb_text _builder_version=\u00bb4.11.3&#8243; _module_preset=\u00bbdefault\u00bb hover_enabled=\u00bb0&#8243; global_colors_info=\u00bb{}\u00bb sticky_enabled=\u00bb0&#8243;]<\/p>\n<h3>pack archery + paintball<span style=\"font-size: 16px;\">\u00a0<\/span><\/h3>\n<p><span>En Urban\u00a0Adventure te queremos ofrecer la oportunidad de combinar dos actividades para una mayor diversi\u00f3n y para hacer de tu visita a nuestras instalaciones una experiencia \u00fanica.<\/span><\/p>\n<p><span>En este pack te ofrecemos la oportunidad de disfrutar de una novedad a nivel nacional como es el\u00a0<strong>Archery durante 45 minutos<\/strong>\u00a0para ofrecerte despu\u00e9s la oportunidad de jugar una fant\u00e1stica partida de\u00a0<strong>Paintball de 100 bolas<\/strong>\u00a0en nuestros.<\/span><\/p>\n<p><span>\u2022 35\u20ac por jugador<\/span><br \/><span>\u2022 45 min de juego Archery<\/span><br \/><span>\u2022 200 bolas juego paintball<\/span><\/p>\n<p><span><strong>SERVICIOS EXTRA:<\/strong><\/span><\/p>\n<p><span>\u2022 Recarga Adicional de 100 bolas 5 \u20ac<\/span><br \/><span>\u2022 Caja de 2.000 bolas 80 \u20ac 20% descuento<\/span><br \/><span>\u2022 Otros servicios, consultar<\/span><\/p>\n<p>[\/et_pb_text][\/et_pb_column][et_pb_column type=\u00bb1_2&#8243; _builder_version=\u00bb4.7.4&#8243; _module_preset=\u00bbdefault\u00bb global_colors_info=\u00bb{}\u00bb][et_pb_image src=\u00bbhttps:\/\/urbanadventure.es\/valencia\/wp-content\/uploads\/sites\/2\/2021\/09\/ARCHERYvsBUBBLES.jpeg\u00bb title_text=\u00bbARCHERYvsBUBBLES\u00bb _builder_version=\u00bb4.7.4&#8243; _module_preset=\u00bbdefault\u00bb global_colors_info=\u00bb{}\u00bb][\/et_pb_image][et_pb_text _builder_version=\u00bb4.7.4&#8243; _module_preset=\u00bbdefault\u00bb global_colors_info=\u00bb{}\u00bb]<\/p>\n<h3>pack archery + bubbles<\/h3>\n<p><span>El pack Bubbles + Archery es una experiencia totalmente diferente a las que hayas vivido hasta el momento. Disfruta de una partida de<strong>\u00a0Archery de 45 minutos<\/strong>\u00a0y de una partida de\u00a0<strong>Bubbles de 60 minutos<\/strong>\u00a0por solo 35 \u20ac por participante.<\/span><\/p>\n<p><span>\u2022 35\u20ac por jugador<\/span><br \/> <span>\u2022 45 min de juego Archery<\/span><br \/> <span>\u2022 60 min de juego Bubble<\/span><\/p>\n<p>[\/et_pb_text][\/et_pb_column][\/et_pb_row][\/et_pb_section][et_pb_section fb_built=\u00bb1&#8243; admin_label=\u00bbsection\u00bb _builder_version=\u00bb4.11.3&#8243; background_color=\u00bbrgba(255,255,255,0)\u00bb background_image=\u00bbhttps:\/\/urbanadventure.es\/valencia\/wp-content\/uploads\/sites\/2\/2021\/07\/paintball-valencia.png\u00bb custom_margin=\u00bb-41px||-26px||false|false\u00bb custom_padding=\u00bb68px||68px||true|\u00bb global_colors_info=\u00bb{}\u00bb][et_pb_row _builder_version=\u00bb4.7.4&#8243; _module_preset=\u00bbdefault\u00bb global_colors_info=\u00bb{}\u00bb][et_pb_column type=\u00bb4_4&#8243; _builder_version=\u00bb4.7.4&#8243; _module_preset=\u00bbdefault\u00bb global_colors_info=\u00bb{}\u00bb][et_pb_text _builder_version=\u00bb4.11.3&#8243; _module_preset=\u00bbdefault\u00bb text_font=\u00bb|800|||||||\u00bb text_text_color=\u00bb#000000&#8243; text_font_size=\u00bb46px\u00bb text_orientation=\u00bbcenter\u00bb text_line_height_tablet=\u00bb\u00bb text_line_height_phone=\u00bb1.2em\u00bb text_line_height_last_edited=\u00bbon|phone\u00bb global_colors_info=\u00bb{}\u00bb]<\/p>\n<p>[ <span style=\"color: #ffffff;\">HAZ TU RESERVA<\/span> ]<\/p>\n<p>[\/et_pb_text][\/et_pb_column][\/et_pb_row][et_pb_row column_structure=\u00bb1_3,1_3,1_3&#8243; _builder_version=\u00bb4.7.4&#8243; _module_preset=\u00bbdefault\u00bb width=\u00bb100%\u00bb global_colors_info=\u00bb{}\u00bb][et_pb_column type=\u00bb1_3&#8243; _builder_version=\u00bb4.7.4&#8243; _module_preset=\u00bbdefault\u00bb global_colors_info=\u00bb{}\u00bb][\/et_pb_column][et_pb_column type=\u00bb1_3&#8243; _builder_version=\u00bb4.7.4&#8243; _module_preset=\u00bbdefault\u00bb global_colors_info=\u00bb{}\u00bb][et_pb_text _builder_version=\u00bb4.7.4&#8243; _module_preset=\u00bbdefault\u00bb text_font_size=\u00bb20px\u00bb global_colors_info=\u00bb{}\u00bb]<\/p>\n<p style=\"text-align: center;\"><span style=\"color: #ffffff;\">No lo pienses m\u00e1s y disfruta de nuestras actividades a 5 minutos del centro de Valencia<\/span><\/p>\n<p>[\/et_pb_text][\/et_pb_column][et_pb_column type=\u00bb1_3&#8243; _builder_version=\u00bb4.7.4&#8243; _module_preset=\u00bbdefault\u00bb global_colors_info=\u00bb{}\u00bb][\/et_pb_column][\/et_pb_row][et_pb_row _builder_version=\u00bb4.7.4&#8243; _module_preset=\u00bbdefault\u00bb global_colors_info=\u00bb{}\u00bb][et_pb_column type=\u00bb4_4&#8243; _builder_version=\u00bb4.7.4&#8243; _module_preset=\u00bbdefault\u00bb global_colors_info=\u00bb{}\u00bb][et_pb_button button_url=\u00bb@ET-DC@eyJkeW5hbWljIjp0cnVlLCJjb250ZW50IjoicG9zdF9saW5rX3VybF9wYWdlIiwic2V0dGluZ3MiOnsicG9zdF9pZCI6IjEzOSJ9fQ==@\u00bb button_text=\u00bbRESERVAR AHORA\u00bb button_alignment=\u00bbcenter\u00bb _builder_version=\u00bb4.7.4&#8243; _dynamic_attributes=\u00bbbutton_url\u00bb _module_preset=\u00bbdefault\u00bb custom_button=\u00bbon\u00bb button_text_color=\u00bb#ffffff\u00bb button_bg_color=\u00bb#000000&#8243; button_border_color=\u00bb#000000&#8243; global_colors_info=\u00bb{}\u00bb][\/et_pb_button][\/et_pb_column][\/et_pb_row][\/et_pb_section]<\/p>\n","protected":false},"excerpt":{"rendered":"<p>ARCHERY ARCHERY &#8211; TIRO CON ARCO\u00a0 &nbsp; En Urban Adventure siempre estamos buscando las \u00faltimas novedades del mercado para tra\u00e9rteles y que las puedas disfrutar. En esta ocasi\u00f3n te proponemos disfruta de una experiencia \u00fanica en Espa\u00f1a y juegar con tus amigos una partida de Urban Archery en la que tendr\u00e1s que demostrar tu punter\u00eda [&hellip;]<\/p>\n","protected":false},"author":1,"featured_media":0,"parent":250,"menu_order":0,"comment_status":"closed","ping_status":"closed","template":"","meta":{"_et_pb_use_builder":"on","_et_pb_old_content":"<!-- wp:divi\/placeholder \/-->","_et_gb_content_width":"","footnotes":""},"class_list":["post-255","page","type-page","status-publish","hentry"],"yoast_head":"<!-- This site is optimized with the Yoast SEO plugin v27.5 - https:\/\/yoast.com\/product\/yoast-seo-wordpress\/ -->\n<title>Juegos de tiro con arco en Archery Urban Paintball Valencia<\/title>\n<meta name=\"description\" content=\"Divertirse con todos los miembros de la familia o la empresa es f\u00e1cil en Urban Paintball Valencia y su actividad de tiro con arco en Archery. Tanto para adultos como para ni\u00f1os de mas de 10 a\u00f1os\" \/>\n<meta name=\"robots\" content=\"index, follow, max-snippet:-1, max-image-preview:large, max-video-preview:-1\" \/>\n<link rel=\"canonical\" href=\"https:\/\/urbanadventure.es\/valencia\/actividades\/archery-tiro-arco\/\" \/>\n<meta property=\"og:locale\" content=\"es_ES\" \/>\n<meta property=\"og:type\" content=\"article\" \/>\n<meta property=\"og:title\" content=\"Juegos de tiro con arco en Archery Urban Paintball Valencia\" \/>\n<meta property=\"og:description\" content=\"Divertirse con todos los miembros de la familia o la empresa es f\u00e1cil en Urban Paintball Valencia y su actividad de tiro con arco en Archery. Tanto para adultos como para ni\u00f1os de mas de 10 a\u00f1os\" \/>\n<meta property=\"og:url\" content=\"https:\/\/urbanadventure.es\/valencia\/actividades\/archery-tiro-arco\/\" \/>\n<meta property=\"og:site_name\" content=\"Urban Adventure Valencia\" \/>\n<meta property=\"article:modified_time\" content=\"2023-03-03T11:21:24+00:00\" \/>\n<meta name=\"twitter:card\" content=\"summary_large_image\" \/>\n<meta name=\"twitter:label1\" content=\"Tiempo de lectura\" \/>\n\t<meta name=\"twitter:data1\" content=\"4 minutos\" \/>\n<script type=\"application\/ld+json\" class=\"yoast-schema-graph\">{\"@context\":\"https:\\\/\\\/schema.org\",\"@graph\":[{\"@type\":\"WebPage\",\"@id\":\"https:\\\/\\\/urbanadventure.es\\\/valencia\\\/actividades\\\/archery-tiro-arco\\\/\",\"url\":\"https:\\\/\\\/urbanadventure.es\\\/valencia\\\/actividades\\\/archery-tiro-arco\\\/\",\"name\":\"Juegos de tiro con arco en Archery Urban Paintball Valencia\",\"isPartOf\":{\"@id\":\"https:\\\/\\\/urbanadventure.es\\\/valencia\\\/#website\"},\"datePublished\":\"2021-09-14T11:07:16+00:00\",\"dateModified\":\"2023-03-03T11:21:24+00:00\",\"description\":\"Divertirse con todos los miembros de la familia o la empresa es f\u00e1cil en Urban Paintball Valencia y su actividad de tiro con arco en Archery. Tanto para adultos como para ni\u00f1os de mas de 10 a\u00f1os\",\"breadcrumb\":{\"@id\":\"https:\\\/\\\/urbanadventure.es\\\/valencia\\\/actividades\\\/archery-tiro-arco\\\/#breadcrumb\"},\"inLanguage\":\"es\",\"potentialAction\":[{\"@type\":\"ReadAction\",\"target\":[\"https:\\\/\\\/urbanadventure.es\\\/valencia\\\/actividades\\\/archery-tiro-arco\\\/\"]}]},{\"@type\":\"BreadcrumbList\",\"@id\":\"https:\\\/\\\/urbanadventure.es\\\/valencia\\\/actividades\\\/archery-tiro-arco\\\/#breadcrumb\",\"itemListElement\":[{\"@type\":\"ListItem\",\"position\":1,\"name\":\"Portada\",\"item\":\"https:\\\/\\\/urbanadventure.es\\\/valencia\\\/\"},{\"@type\":\"ListItem\",\"position\":2,\"name\":\"Actividades\",\"item\":\"https:\\\/\\\/urbanadventure.es\\\/valencia\\\/actividades\\\/\"},{\"@type\":\"ListItem\",\"position\":3,\"name\":\"Archery\"}]},{\"@type\":\"WebSite\",\"@id\":\"https:\\\/\\\/urbanadventure.es\\\/valencia\\\/#website\",\"url\":\"https:\\\/\\\/urbanadventure.es\\\/valencia\\\/\",\"name\":\"Urban Adventure Valencia\",\"description\":\"Otro sitio m\u00e1s de Urban Adventure\",\"potentialAction\":[{\"@type\":\"SearchAction\",\"target\":{\"@type\":\"EntryPoint\",\"urlTemplate\":\"https:\\\/\\\/urbanadventure.es\\\/valencia\\\/?s={search_term_string}\"},\"query-input\":{\"@type\":\"PropertyValueSpecification\",\"valueRequired\":true,\"valueName\":\"search_term_string\"}}],\"inLanguage\":\"es\"}]}<\/script>\n<!-- \/ Yoast SEO plugin. -->","yoast_head_json":{"title":"Juegos de tiro con arco en Archery Urban Paintball Valencia","description":"Divertirse con todos los miembros de la familia o la empresa es f\u00e1cil en Urban Paintball Valencia y su actividad de tiro con arco en Archery. Tanto para adultos como para ni\u00f1os de mas de 10 a\u00f1os","robots":{"index":"index","follow":"follow","max-snippet":"max-snippet:-1","max-image-preview":"max-image-preview:large","max-video-preview":"max-video-preview:-1"},"canonical":"https:\/\/urbanadventure.es\/valencia\/actividades\/archery-tiro-arco\/","og_locale":"es_ES","og_type":"article","og_title":"Juegos de tiro con arco en Archery Urban Paintball Valencia","og_description":"Divertirse con todos los miembros de la familia o la empresa es f\u00e1cil en Urban Paintball Valencia y su actividad de tiro con arco en Archery. Tanto para adultos como para ni\u00f1os de mas de 10 a\u00f1os","og_url":"https:\/\/urbanadventure.es\/valencia\/actividades\/archery-tiro-arco\/","og_site_name":"Urban Adventure Valencia","article_modified_time":"2023-03-03T11:21:24+00:00","twitter_card":"summary_large_image","twitter_misc":{"Tiempo de lectura":"4 minutos"},"schema":{"@context":"https:\/\/schema.org","@graph":[{"@type":"WebPage","@id":"https:\/\/urbanadventure.es\/valencia\/actividades\/archery-tiro-arco\/","url":"https:\/\/urbanadventure.es\/valencia\/actividades\/archery-tiro-arco\/","name":"Juegos de tiro con arco en Archery Urban Paintball Valencia","isPartOf":{"@id":"https:\/\/urbanadventure.es\/valencia\/#website"},"datePublished":"2021-09-14T11:07:16+00:00","dateModified":"2023-03-03T11:21:24+00:00","description":"Divertirse con todos los miembros de la familia o la empresa es f\u00e1cil en Urban Paintball Valencia y su actividad de tiro con arco en Archery. Tanto para adultos como para ni\u00f1os de mas de 10 a\u00f1os","breadcrumb":{"@id":"https:\/\/urbanadventure.es\/valencia\/actividades\/archery-tiro-arco\/#breadcrumb"},"inLanguage":"es","potentialAction":[{"@type":"ReadAction","target":["https:\/\/urbanadventure.es\/valencia\/actividades\/archery-tiro-arco\/"]}]},{"@type":"BreadcrumbList","@id":"https:\/\/urbanadventure.es\/valencia\/actividades\/archery-tiro-arco\/#breadcrumb","itemListElement":[{"@type":"ListItem","position":1,"name":"Portada","item":"https:\/\/urbanadventure.es\/valencia\/"},{"@type":"ListItem","position":2,"name":"Actividades","item":"https:\/\/urbanadventure.es\/valencia\/actividades\/"},{"@type":"ListItem","position":3,"name":"Archery"}]},{"@type":"WebSite","@id":"https:\/\/urbanadventure.es\/valencia\/#website","url":"https:\/\/urbanadventure.es\/valencia\/","name":"Urban Adventure Valencia","description":"Otro sitio m\u00e1s de Urban Adventure","potentialAction":[{"@type":"SearchAction","target":{"@type":"EntryPoint","urlTemplate":"https:\/\/urbanadventure.es\/valencia\/?s={search_term_string}"},"query-input":{"@type":"PropertyValueSpecification","valueRequired":true,"valueName":"search_term_string"}}],"inLanguage":"es"}]}},"_links":{"self":[{"href":"https:\/\/urbanadventure.es\/valencia\/wp-json\/wp\/v2\/pages\/255","targetHints":{"allow":["GET"]}}],"collection":[{"href":"https:\/\/urbanadventure.es\/valencia\/wp-json\/wp\/v2\/pages"}],"about":[{"href":"https:\/\/urbanadventure.es\/valencia\/wp-json\/wp\/v2\/types\/page"}],"author":[{"embeddable":true,"href":"https:\/\/urbanadventure.es\/valencia\/wp-json\/wp\/v2\/users\/1"}],"replies":[{"embeddable":true,"href":"https:\/\/urbanadventure.es\/valencia\/wp-json\/wp\/v2\/comments?post=255"}],"version-history":[{"count":13,"href":"https:\/\/urbanadventure.es\/valencia\/wp-json\/wp\/v2\/pages\/255\/revisions"}],"predecessor-version":[{"id":791,"href":"https:\/\/urbanadventure.es\/valencia\/wp-json\/wp\/v2\/pages\/255\/revisions\/791"}],"up":[{"embeddable":true,"href":"https:\/\/urbanadventure.es\/valencia\/wp-json\/wp\/v2\/pages\/250"}],"wp:attachment":[{"href":"https:\/\/urbanadventure.es\/valencia\/wp-json\/wp\/v2\/media?parent=255"}],"curies":[{"name":"wp","href":"https:\/\/api.w.org\/{rel}","templated":true}]}}