{"id":298,"date":"2021-09-16T17:58:22","date_gmt":"2021-09-16T15:58:22","guid":{"rendered":"https:\/\/urbanadventure.es\/valencia\/?page_id=298"},"modified":"2021-11-16T14:38:35","modified_gmt":"2021-11-16T12:38:35","slug":"paintball-nocturno","status":"publish","type":"page","link":"http:\/\/urbanadventure.es\/valencia\/tarifas\/paintball-nocturno\/","title":{"rendered":"Paintball nocturno"},"content":{"rendered":"<p>[et_pb_section fb_built=\u00bb1&#8243; _builder_version=\u00bb4.11.3&#8243; _module_preset=\u00bbdefault\u00bb background_image=\u00bbhttps:\/\/urbanadventure.es\/valencia\/wp-content\/uploads\/sites\/2\/2021\/08\/paintball-en-valencia.png\u00bb min_height=\u00bb473px\u00bb hover_enabled=\u00bb0&#8243; global_colors_info=\u00bb{}\u00bb min_height_last_edited=\u00bbon|phone\u00bb sticky_enabled=\u00bb0&#8243;][et_pb_row _builder_version=\u00bb4.7.4&#8243; _module_preset=\u00bbdefault\u00bb custom_padding=\u00bb53px||53px||true|\u00bb global_colors_info=\u00bb{}\u00bb][et_pb_column type=\u00bb4_4&#8243; _builder_version=\u00bb4.7.4&#8243; _module_preset=\u00bbdefault\u00bb global_colors_info=\u00bb{}\u00bb][et_pb_text _builder_version=\u00bb4.11.3&#8243; _module_preset=\u00bbdefault\u00bb header_font_size=\u00bb52px\u00bb header_2_font_size=\u00bb64px\u00bb hover_enabled=\u00bb0&#8243; header_text_shadow_style=\u00bbpreset2&#8243; header_2_text_shadow_style=\u00bbpreset5&#8243; global_colors_info=\u00bb{}\u00bb sticky_enabled=\u00bb0&#8243;]<\/p>\n<h1 style=\"text-align: center;\"><span style=\"color: #ffffff;\">PAINTBALL nocturno<\/span><\/h1>\n<div id=\"gtx-trans\" style=\"position: absolute; left: 254px; top: 4.90625px;\">\n<div class=\"gtx-trans-icon\"><\/div>\n<\/div>\n<p>[\/et_pb_text][\/et_pb_column][\/et_pb_row][\/et_pb_section][et_pb_section fb_built=\u00bb1&#8243; _builder_version=\u00bb4.7.4&#8243; _module_preset=\u00bbdefault\u00bb custom_padding=\u00bb28px||21px|||\u00bb global_colors_info=\u00bb{}\u00bb][et_pb_row _builder_version=\u00bb4.7.4&#8243; _module_preset=\u00bbdefault\u00bb global_colors_info=\u00bb{}\u00bb][et_pb_column type=\u00bb4_4&#8243; _builder_version=\u00bb4.7.4&#8243; _module_preset=\u00bbdefault\u00bb global_colors_info=\u00bb{}\u00bb][et_pb_text _builder_version=\u00bb4.7.4&#8243; _module_preset=\u00bbdefault\u00bb global_colors_info=\u00bb{}\u00bb]<\/p>\n<p>Solo Urban Adventure Valencia os ofrece en exclusiva una alternativa que os pondr\u00e1 los pelos de punta. Somos el \u00fanico campo de paintball en TODA Valencia en ofrecer el paintball nocturno y completa iluminaci\u00f3n de sus instalaciones.<\/p>\n<p>Para ello contamos con un campo con iluminaci\u00f3n artificial con m\u00e1s de 10000 W de potencia, y unas instalaciones totalmente adaptadas al juego durante la noche.<\/p>\n<p>Si jugar al paintball durante el d\u00eda es emocionante no os pod\u00e9is imaginar lo que os espera si os decid\u00eds a venir a Urban Adventure Valencia a jugar una de nuestras partidas nocturnas.<\/p>\n<p>[\/et_pb_text][\/et_pb_column][\/et_pb_row][\/et_pb_section][et_pb_section fb_built=\u00bb1&#8243; _builder_version=\u00bb4.7.4&#8243; _module_preset=\u00bbdefault\u00bb custom_padding=\u00bb1px||37px|||\u00bb global_colors_info=\u00bb{}\u00bb][et_pb_row _builder_version=\u00bb4.7.4&#8243; _module_preset=\u00bbdefault\u00bb custom_padding=\u00bb||9px|||\u00bb global_colors_info=\u00bb{}\u00bb][et_pb_column type=\u00bb4_4&#8243; _builder_version=\u00bb4.7.4&#8243; _module_preset=\u00bbdefault\u00bb global_colors_info=\u00bb{}\u00bb][et_pb_image src=\u00bbhttps:\/\/urbanadventure.es\/valencia\/wp-content\/uploads\/sites\/2\/2021\/09\/nocturn_tarif.jpeg\u00bb title_text=\u00bbnocturn_tarif\u00bb force_fullwidth=\u00bbon\u00bb _builder_version=\u00bb4.7.4&#8243; _module_preset=\u00bbdefault\u00bb custom_margin=\u00bb||28px|||\u00bb global_colors_info=\u00bb{}\u00bb][\/et_pb_image][\/et_pb_column][\/et_pb_row][\/et_pb_section][et_pb_section fb_built=\u00bb1&#8243; _builder_version=\u00bb4.7.4&#8243; _module_preset=\u00bbdefault\u00bb background_enable_color=\u00bboff\u00bb background_image=\u00bbhttps:\/\/urbanadventure.es\/valencia\/wp-content\/uploads\/sites\/2\/2021\/09\/blackbg1.jpg\u00bb custom_padding=\u00bb9px|||||\u00bb global_colors_info=\u00bb{}\u00bb][et_pb_row column_structure=\u00bb1_2,1_2&#8243; _builder_version=\u00bb4.7.4&#8243; _module_preset=\u00bbdefault\u00bb global_colors_info=\u00bb{}\u00bb][et_pb_column type=\u00bb1_2&#8243; _builder_version=\u00bb4.7.4&#8243; _module_preset=\u00bbdefault\u00bb global_colors_info=\u00bb{}\u00bb][et_pb_text _builder_version=\u00bb4.11.0&#8243; _module_preset=\u00bbdefault\u00bb global_colors_info=\u00bb{}\u00bb]<span style=\"color: #ffffff;\">Si nunca hab\u00edais podido jugar al paintball porque os resultaba imposible acudir a nuestro campo en el horario de apertura diurno ahora no tendr\u00e9is excusa para venir a jugar una partida a la salida del trabajo, universidad, instituto, o simplemente si prefer\u00eds este horario para evitar las horas de m\u00e1s calor.<\/span><\/p>\n<p><span style=\"color: #ffffff;\">Para las partidas nocturnas os equiparemos con material especialmente preparado para la ocasi\u00f3n. Usaremos m\u00e1scaras con tratamiento anti vaho, punteros l\u00e1ser en las marcadoras tippmann 98 y chalecos reflectantes.<\/span><\/p>\n<p><span style=\"color: #ffffff;\">Adem\u00e1s, durante la partida os esperan nuestros efectos especiales generados por las granadas de humo.<\/span><\/p>\n<p><span style=\"color: #ffffff;\">Recuerda en Urban Adventure Valencia haremos que pases una noche de paintball y aventura inolvidable.<\/span><\/p>\n<p><span style=\"color: #ffffff;\">Contacta con nosotros y reserva tu partida el d\u00eda y la hora que t\u00fa elijas para disfrutar junto a tus familiares y amigos.<\/span><\/p>\n<p><span style=\"color: #ffffff;\">Por \u00faltimo, recordarte que nuestras instalaciones est\u00e1n totalmente equipadas para convertir tu experiencia en irrepetible. Zona de picnic, zona com\u00fan ajardinada e iluminada y ba\u00f1os.<\/span>[\/et_pb_text][\/et_pb_column][et_pb_column type=\u00bb1_2&#8243; _builder_version=\u00bb4.7.4&#8243; _module_preset=\u00bbdefault\u00bb global_colors_info=\u00bb{}\u00bb][\/et_pb_column][\/et_pb_row][\/et_pb_section][et_pb_section fb_built=\u00bb1&#8243; admin_label=\u00bbsection\u00bb _builder_version=\u00bb4.11.3&#8243; background_color=\u00bbrgba(255,255,255,0)\u00bb background_image=\u00bbhttps:\/\/urbanadventure.es\/valencia\/wp-content\/uploads\/sites\/2\/2021\/07\/paintball-valencia.png\u00bb custom_margin=\u00bb-41px||-52px|||\u00bb custom_padding=\u00bb68px||68px||true|\u00bb hover_enabled=\u00bb0&#8243; global_colors_info=\u00bb{}\u00bb custom_margin_last_edited=\u00bbon|phone\u00bb custom_margin_phone=\u00bb-41px||-31px||false|false\u00bb sticky_enabled=\u00bb0&#8243;][et_pb_row _builder_version=\u00bb4.7.4&#8243; _module_preset=\u00bbdefault\u00bb global_colors_info=\u00bb{}\u00bb][et_pb_column type=\u00bb4_4&#8243; _builder_version=\u00bb4.7.4&#8243; _module_preset=\u00bbdefault\u00bb global_colors_info=\u00bb{}\u00bb][et_pb_text _builder_version=\u00bb4.11.3&#8243; _module_preset=\u00bbdefault\u00bb text_font=\u00bb|800|||||||\u00bb text_text_color=\u00bb#000000&#8243; text_font_size=\u00bb46px\u00bb text_orientation=\u00bbcenter\u00bb hover_enabled=\u00bb0&#8243; global_colors_info=\u00bb{}\u00bb text_line_height_last_edited=\u00bbon|phone\u00bb text_line_height_phone=\u00bb1.2em\u00bb sticky_enabled=\u00bb0&#8243;]<\/p>\n<p>[ <span style=\"color: #ffffff;\">HAZ TU RESERVA<\/span> ]<\/p>\n<p>[\/et_pb_text][\/et_pb_column][\/et_pb_row][et_pb_row column_structure=\u00bb1_3,1_3,1_3&#8243; _builder_version=\u00bb4.7.4&#8243; _module_preset=\u00bbdefault\u00bb width=\u00bb100%\u00bb global_colors_info=\u00bb{}\u00bb][et_pb_column type=\u00bb1_3&#8243; _builder_version=\u00bb4.7.4&#8243; _module_preset=\u00bbdefault\u00bb global_colors_info=\u00bb{}\u00bb][\/et_pb_column][et_pb_column type=\u00bb1_3&#8243; _builder_version=\u00bb4.7.4&#8243; _module_preset=\u00bbdefault\u00bb global_colors_info=\u00bb{}\u00bb][et_pb_text _builder_version=\u00bb4.7.4&#8243; _module_preset=\u00bbdefault\u00bb text_font_size=\u00bb20px\u00bb global_colors_info=\u00bb{}\u00bb]<\/p>\n<p style=\"text-align: center;\"><span style=\"color: #ffffff;\">No lo pienses m\u00e1s y disfruta de nuestras actividades a 5 minutos del centro de Valencia<\/span><\/p>\n<p>[\/et_pb_text][\/et_pb_column][et_pb_column type=\u00bb1_3&#8243; _builder_version=\u00bb4.7.4&#8243; _module_preset=\u00bbdefault\u00bb global_colors_info=\u00bb{}\u00bb][\/et_pb_column][\/et_pb_row][et_pb_row _builder_version=\u00bb4.7.4&#8243; _module_preset=\u00bbdefault\u00bb global_colors_info=\u00bb{}\u00bb][et_pb_column type=\u00bb4_4&#8243; _builder_version=\u00bb4.7.4&#8243; _module_preset=\u00bbdefault\u00bb global_colors_info=\u00bb{}\u00bb][et_pb_button button_url=\u00bb@ET-DC@eyJkeW5hbWljIjp0cnVlLCJjb250ZW50IjoicG9zdF9saW5rX3VybF9wYWdlIiwic2V0dGluZ3MiOnsicG9zdF9pZCI6IjEzOSJ9fQ==@\u00bb button_text=\u00bbRESERVAR AHORA\u00bb button_alignment=\u00bbcenter\u00bb _builder_version=\u00bb4.7.4&#8243; _dynamic_attributes=\u00bbbutton_url\u00bb _module_preset=\u00bbdefault\u00bb custom_button=\u00bbon\u00bb button_text_color=\u00bb#ffffff\u00bb button_bg_color=\u00bb#000000&#8243; button_border_color=\u00bb#000000&#8243; global_colors_info=\u00bb{}\u00bb][\/et_pb_button][\/et_pb_column][\/et_pb_row][\/et_pb_section]<\/p>\n","protected":false},"excerpt":{"rendered":"<p>PAINTBALL nocturno Solo Urban Adventure Valencia os ofrece en exclusiva una alternativa que os pondr\u00e1 los pelos de punta. Somos el \u00fanico campo de paintball en TODA Valencia en ofrecer el paintball nocturno y completa iluminaci\u00f3n de sus instalaciones. Para ello contamos con un campo con iluminaci\u00f3n artificial con m\u00e1s de 10000 W de potencia, [&hellip;]<\/p>\n","protected":false},"author":1,"featured_media":0,"parent":202,"menu_order":0,"comment_status":"closed","ping_status":"closed","template":"","meta":{"_et_pb_use_builder":"on","_et_pb_old_content":"<!-- wp:divi\/placeholder \/-->","_et_gb_content_width":"","footnotes":""},"class_list":["post-298","page","type-page","status-publish","hentry"],"yoast_head":"<!-- This site is optimized with the Yoast SEO plugin v27.2 - https:\/\/yoast.com\/product\/yoast-seo-wordpress\/ -->\n<title>Paintball nocturno - Urban Adventure Valencia<\/title>\n<meta name=\"robots\" content=\"index, follow, max-snippet:-1, max-image-preview:large, max-video-preview:-1\" \/>\n<link rel=\"canonical\" href=\"https:\/\/urbanadventure.es\/valencia\/tarifas\/paintball-nocturno\/\" \/>\n<meta property=\"og:locale\" content=\"es_ES\" \/>\n<meta property=\"og:type\" content=\"article\" \/>\n<meta property=\"og:title\" content=\"Paintball nocturno - Urban Adventure Valencia\" \/>\n<meta property=\"og:description\" content=\"PAINTBALL nocturno Solo Urban Adventure Valencia os ofrece en exclusiva una alternativa que os pondr\u00e1 los pelos de punta. Somos el \u00fanico campo de paintball en TODA Valencia en ofrecer el paintball nocturno y completa iluminaci\u00f3n de sus instalaciones. Para ello contamos con un campo con iluminaci\u00f3n artificial con m\u00e1s de 10000 W de potencia, [&hellip;]\" \/>\n<meta property=\"og:url\" content=\"https:\/\/urbanadventure.es\/valencia\/tarifas\/paintball-nocturno\/\" \/>\n<meta property=\"og:site_name\" content=\"Urban Adventure Valencia\" \/>\n<meta property=\"article:modified_time\" content=\"2021-11-16T12:38:35+00:00\" \/>\n<meta name=\"twitter:card\" content=\"summary_large_image\" \/>\n<meta name=\"twitter:label1\" content=\"Tiempo de lectura\" \/>\n\t<meta name=\"twitter:data1\" content=\"5 minutos\" \/>\n<script type=\"application\/ld+json\" class=\"yoast-schema-graph\">{\"@context\":\"https:\/\/schema.org\",\"@graph\":[{\"@type\":\"WebPage\",\"@id\":\"https:\/\/urbanadventure.es\/valencia\/tarifas\/paintball-nocturno\/\",\"url\":\"https:\/\/urbanadventure.es\/valencia\/tarifas\/paintball-nocturno\/\",\"name\":\"Paintball nocturno - Urban Adventure Valencia\",\"isPartOf\":{\"@id\":\"https:\/\/urbanadventure.es\/valencia\/#website\"},\"datePublished\":\"2021-09-16T15:58:22+00:00\",\"dateModified\":\"2021-11-16T12:38:35+00:00\",\"breadcrumb\":{\"@id\":\"https:\/\/urbanadventure.es\/valencia\/tarifas\/paintball-nocturno\/#breadcrumb\"},\"inLanguage\":\"es\",\"potentialAction\":[{\"@type\":\"ReadAction\",\"target\":[\"https:\/\/urbanadventure.es\/valencia\/tarifas\/paintball-nocturno\/\"]}]},{\"@type\":\"BreadcrumbList\",\"@id\":\"https:\/\/urbanadventure.es\/valencia\/tarifas\/paintball-nocturno\/#breadcrumb\",\"itemListElement\":[{\"@type\":\"ListItem\",\"position\":1,\"name\":\"Portada\",\"item\":\"https:\/\/urbanadventure.es\/valencia\/\"},{\"@type\":\"ListItem\",\"position\":2,\"name\":\"Tarifas\",\"item\":\"https:\/\/urbanadventure.es\/valencia\/tarifas\/\"},{\"@type\":\"ListItem\",\"position\":3,\"name\":\"Paintball nocturno\"}]},{\"@type\":\"WebSite\",\"@id\":\"https:\/\/urbanadventure.es\/valencia\/#website\",\"url\":\"https:\/\/urbanadventure.es\/valencia\/\",\"name\":\"Urban Adventure Valencia\",\"description\":\"Otro sitio m\u00e1s de Urban Adventure\",\"potentialAction\":[{\"@type\":\"SearchAction\",\"target\":{\"@type\":\"EntryPoint\",\"urlTemplate\":\"https:\/\/urbanadventure.es\/valencia\/?s={search_term_string}\"},\"query-input\":{\"@type\":\"PropertyValueSpecification\",\"valueRequired\":true,\"valueName\":\"search_term_string\"}}],\"inLanguage\":\"es\"}]}<\/script>\n<!-- \/ Yoast SEO plugin. -->","yoast_head_json":{"title":"Paintball nocturno - Urban Adventure Valencia","robots":{"index":"index","follow":"follow","max-snippet":"max-snippet:-1","max-image-preview":"max-image-preview:large","max-video-preview":"max-video-preview:-1"},"canonical":"https:\/\/urbanadventure.es\/valencia\/tarifas\/paintball-nocturno\/","og_locale":"es_ES","og_type":"article","og_title":"Paintball nocturno - Urban Adventure Valencia","og_description":"PAINTBALL nocturno Solo Urban Adventure Valencia os ofrece en exclusiva una alternativa que os pondr\u00e1 los pelos de punta. Somos el \u00fanico campo de paintball en TODA Valencia en ofrecer el paintball nocturno y completa iluminaci\u00f3n de sus instalaciones. Para ello contamos con un campo con iluminaci\u00f3n artificial con m\u00e1s de 10000 W de potencia, [&hellip;]","og_url":"https:\/\/urbanadventure.es\/valencia\/tarifas\/paintball-nocturno\/","og_site_name":"Urban Adventure Valencia","article_modified_time":"2021-11-16T12:38:35+00:00","twitter_card":"summary_large_image","twitter_misc":{"Tiempo de lectura":"5 minutos"},"schema":{"@context":"https:\/\/schema.org","@graph":[{"@type":"WebPage","@id":"https:\/\/urbanadventure.es\/valencia\/tarifas\/paintball-nocturno\/","url":"https:\/\/urbanadventure.es\/valencia\/tarifas\/paintball-nocturno\/","name":"Paintball nocturno - Urban Adventure Valencia","isPartOf":{"@id":"https:\/\/urbanadventure.es\/valencia\/#website"},"datePublished":"2021-09-16T15:58:22+00:00","dateModified":"2021-11-16T12:38:35+00:00","breadcrumb":{"@id":"https:\/\/urbanadventure.es\/valencia\/tarifas\/paintball-nocturno\/#breadcrumb"},"inLanguage":"es","potentialAction":[{"@type":"ReadAction","target":["https:\/\/urbanadventure.es\/valencia\/tarifas\/paintball-nocturno\/"]}]},{"@type":"BreadcrumbList","@id":"https:\/\/urbanadventure.es\/valencia\/tarifas\/paintball-nocturno\/#breadcrumb","itemListElement":[{"@type":"ListItem","position":1,"name":"Portada","item":"https:\/\/urbanadventure.es\/valencia\/"},{"@type":"ListItem","position":2,"name":"Tarifas","item":"https:\/\/urbanadventure.es\/valencia\/tarifas\/"},{"@type":"ListItem","position":3,"name":"Paintball nocturno"}]},{"@type":"WebSite","@id":"https:\/\/urbanadventure.es\/valencia\/#website","url":"https:\/\/urbanadventure.es\/valencia\/","name":"Urban Adventure Valencia","description":"Otro sitio m\u00e1s de Urban Adventure","potentialAction":[{"@type":"SearchAction","target":{"@type":"EntryPoint","urlTemplate":"https:\/\/urbanadventure.es\/valencia\/?s={search_term_string}"},"query-input":{"@type":"PropertyValueSpecification","valueRequired":true,"valueName":"search_term_string"}}],"inLanguage":"es"}]}},"_links":{"self":[{"href":"http:\/\/urbanadventure.es\/valencia\/wp-json\/wp\/v2\/pages\/298","targetHints":{"allow":["GET"]}}],"collection":[{"href":"http:\/\/urbanadventure.es\/valencia\/wp-json\/wp\/v2\/pages"}],"about":[{"href":"http:\/\/urbanadventure.es\/valencia\/wp-json\/wp\/v2\/types\/page"}],"author":[{"embeddable":true,"href":"http:\/\/urbanadventure.es\/valencia\/wp-json\/wp\/v2\/users\/1"}],"replies":[{"embeddable":true,"href":"http:\/\/urbanadventure.es\/valencia\/wp-json\/wp\/v2\/comments?post=298"}],"version-history":[{"count":6,"href":"http:\/\/urbanadventure.es\/valencia\/wp-json\/wp\/v2\/pages\/298\/revisions"}],"predecessor-version":[{"id":675,"href":"http:\/\/urbanadventure.es\/valencia\/wp-json\/wp\/v2\/pages\/298\/revisions\/675"}],"up":[{"embeddable":true,"href":"http:\/\/urbanadventure.es\/valencia\/wp-json\/wp\/v2\/pages\/202"}],"wp:attachment":[{"href":"http:\/\/urbanadventure.es\/valencia\/wp-json\/wp\/v2\/media?parent=298"}],"curies":[{"name":"wp","href":"https:\/\/api.w.org\/{rel}","templated":true}]}}